{"id":3256,"date":"2023-09-26T10:55:31","date_gmt":"2023-09-26T08:55:31","guid":{"rendered":"http:\/\/fedgbna.cluster021.hosting.ovh.net\/?post_type=product&#038;p=3256"},"modified":"2024-07-09T10:57:24","modified_gmt":"2024-07-09T08:57:24","slug":"citroen-2cv-az-de-1956","status":"publish","type":"product","link":"https:\/\/brianbena-nostalgieautomobile.com\/index.php\/produit\/citroen-2cv-az-de-1956\/","title":{"rendered":"Citro\u00ebn 2cv AZ de 1956"},"content":{"rendered":"","protected":false},"excerpt":{"rendered":"<p><span style=\"font-weight: 400;\">Brian BENA &#8211; Nostalgie Automobile \u00e0 le plaisir de vous proposer \u00e0 la vente cette magnifique Citro\u00ebn 2cv AZ de 1956 enti\u00e8rement restaur\u00e9e :<\/span><\/p>\n<p><span style=\"font-weight: 400;\">La Citro\u00ebn 2cv, une ic\u00f4ne de l&rsquo;automobile, un patrimoine national, au m\u00eame titre que le pain, le vin, le fromage ou bien encore la tour Eiffel, avec en fond un morceau d&rsquo;\u00c9dith Piaf !\u00a0<\/span><\/p>\n<p><span style=\"font-weight: 400;\">Cette 2cv est une deuxi\u00e8me main, le premier propri\u00e9taire a achet\u00e9 cette auto neuve dans le Var, elle a v\u00e9cu toute sa vie dans le d\u00e9partement jusqu&rsquo;\u00e0 il y a un peu pr\u00e8s deux ann\u00e9es, date \u00e0 laquelle elle est vendue pour \u00eatre restaur\u00e9e, mais non loin de son d\u00e9partement, dans les Alpes-Maritimes, o\u00f9 elle se situe aujourd&rsquo;hui.<\/span><\/p>\n<p><span style=\"font-weight: 400;\">Elle a eu une restauration compl\u00e8te il y une ann\u00e9e, d\u00e9montage complet, sablage de la caisse et des ouvrants de la carrosserie, ch\u00e2ssis sabl\u00e9 \u00e9galement, moteur restaur\u00e9e, boite de vitesses r\u00e9vis\u00e9e, planchers et bas de caisses neuf,<\/span><\/p>\n<p><span style=\"font-weight: 400;\">r\u00e9novation des trains roulants et de la suspension et du syst\u00e8me de freinage, sellerie neuve, capote neuve, peinture etc&#8230;<\/span><\/p>\n<p><span style=\"font-weight: 400;\">Cette magnifique 2cv AZ procurera \u00e0 son prochain propri\u00e9taire un grand plaisir \u00e0 rouler avec elle sur nos belles routes, et un retour nostalgique dans le pass\u00e9, sans oublier la fiert\u00e9 de poss\u00e9der une telle auto de notre patrimoine automobile national, un symbole \u00e0 conserver et \u00e0 partager !\u00a0<\/span><\/p>\n<p><span style=\"font-weight: 400;\">Dossier photos et vid\u00e9os disponibles sur demande.<\/span><\/p>\n<p><span style=\"font-weight: 400;\">Pour plus d&rsquo;informations n&rsquo;h\u00e9sitez pas \u00e0 nous contacter.<\/span><\/p>\n<p><span style=\"font-weight: 400;\">Voiture visible sur rendez-vous \u00e0 Mandelieu-la-Napoule.<\/span><\/p>\n<p><span style=\"font-weight: 400;\">Brian BENA &#8211; Nostalgie Automobile :<\/span><\/p>\n<p><span style=\"font-weight: 400;\">Sp\u00e9cialis\u00e9 dans la vente et dans la recherche d&rsquo;automobiles anciennes.<\/span><\/p>\n","protected":false},"featured_media":3257,"template":"","meta":{"_monsterinsights_skip_tracking":false,"_monsterinsights_sitenote_active":false,"_monsterinsights_sitenote_note":"","_monsterinsights_sitenote_category":0,"site-sidebar-layout":"default","site-content-layout":"","ast-site-content-layout":"default","site-content-style":"default","site-sidebar-style":"default","ast-global-header-display":"","ast-banner-title-visibility":"","ast-main-header-display":"","ast-hfb-above-header-display":"","ast-hfb-below-header-display":"","ast-hfb-mobile-header-display":"","site-post-title":"","ast-breadcrumbs-content":"","ast-featured-img":"","footer-sml-layout":"","ast-disable-related-posts":"","theme-transparent-header-meta":"default","adv-header-id-meta":"","stick-header-meta":"","header-above-stick-meta":"","header-main-stick-meta":"","header-below-stick-meta":"","astra-migrate-meta-layouts":"set","ast-page-background-enabled":"default","ast-page-background-meta":{"desktop":{"background-color":"","background-image":"","background-repeat":"repeat","background-position":"center center","background-size":"auto","background-attachment":"scroll","background-type":"","background-media":"","overlay-type":"","overlay-color":"","overlay-opacity":"","overlay-gradient":""},"tablet":{"background-color":"","background-image":"","background-repeat":"repeat","background-position":"center center","background-size":"auto","background-attachment":"scroll","background-type":"","background-media":"","overlay-type":"","overlay-color":"","overlay-opacity":"","overlay-gradient":""},"mobile":{"background-color":"","background-image":"","background-repeat":"repeat","background-position":"center center","background-size":"auto","background-attachment":"scroll","background-type":"","background-media":"","overlay-type":"","overlay-color":"","overlay-opacity":"","overlay-gradient":""}},"ast-content-background-meta":{"desktop":{"background-color":"var(--ast-global-color-5)","background-image":"","background-repeat":"repeat","background-position":"center center","background-size":"auto","background-attachment":"scroll","background-type":"","background-media":"","overlay-type":"","overlay-color":"","overlay-opacity":"","overlay-gradient":""},"tablet":{"background-color":"var(--ast-global-color-5)","background-image":"","background-repeat":"repeat","background-position":"center center","background-size":"auto","background-attachment":"scroll","background-type":"","background-media":"","overlay-type":"","overlay-color":"","overlay-opacity":"","overlay-gradient":""},"mobile":{"background-color":"var(--ast-global-color-5)","background-image":"","background-repeat":"repeat","background-position":"center center","background-size":"auto","background-attachment":"scroll","background-type":"","background-media":"","overlay-type":"","overlay-color":"","overlay-opacity":"","overlay-gradient":""}}},"product_brand":[],"product_cat":[65],"product_tag":[45,46,47,23,48,51,53,61,42,43,33,35,54],"class_list":{"0":"post-3256","1":"product","2":"type-product","3":"status-publish","4":"has-post-thumbnail","6":"product_cat-citroen","7":"product_tag-1930s","8":"product_tag-automobile","9":"product_tag-avantguerre","10":"product_tag-cars","11":"product_tag-carsclassic","12":"product_tag-france","13":"product_tag-paris","14":"product_tag-peugeot","15":"product_tag-voitureancienne","16":"product_tag-voituredecollection","17":"product_tag-voituredeluxe","18":"product_tag-voitureoccasion","19":"product_tag-ww2","20":"pa_annee-105","21":"pa_etat-restauree","22":"pa_marque-citroen","23":"desktop-align-left","24":"tablet-align-left","25":"mobile-align-left","27":"first","28":"outofstock","29":"sold-individually","30":"shipping-taxable","31":"purchasable","32":"product-type-simple"},"aioseo_notices":[],"_links":{"self":[{"href":"https:\/\/brianbena-nostalgieautomobile.com\/index.php\/wp-json\/wp\/v2\/product\/3256","targetHints":{"allow":["GET"]}}],"collection":[{"href":"https:\/\/brianbena-nostalgieautomobile.com\/index.php\/wp-json\/wp\/v2\/product"}],"about":[{"href":"https:\/\/brianbena-nostalgieautomobile.com\/index.php\/wp-json\/wp\/v2\/types\/product"}],"wp:featuredmedia":[{"embeddable":true,"href":"https:\/\/brianbena-nostalgieautomobile.com\/index.php\/wp-json\/wp\/v2\/media\/3257"}],"wp:attachment":[{"href":"https:\/\/brianbena-nostalgieautomobile.com\/index.php\/wp-json\/wp\/v2\/media?parent=3256"}],"wp:term":[{"taxonomy":"product_brand","embeddable":true,"href":"https:\/\/brianbena-nostalgieautomobile.com\/index.php\/wp-json\/wp\/v2\/product_brand?post=3256"},{"taxonomy":"product_cat","embeddable":true,"href":"https:\/\/brianbena-nostalgieautomobile.com\/index.php\/wp-json\/wp\/v2\/product_cat?post=3256"},{"taxonomy":"product_tag","embeddable":true,"href":"https:\/\/brianbena-nostalgieautomobile.com\/index.php\/wp-json\/wp\/v2\/product_tag?post=3256"}],"curies":[{"name":"wp","href":"https:\/\/api.w.org\/{rel}","templated":true}]}}

Citroën 2cv AZ de 1956

<p><span style="font-weight: 400;">Brian BENA &#8211; Nostalgie Automobile à le plaisir de vous proposer à la vente cette magnifique Citroën 2cv AZ de 1956 entièrement restaurée :</span></p>
<p><span style="font-weight: 400;">La Citroën 2cv, une icône de l&rsquo;automobile, un patrimoine national, au même titre que le pain, le vin, le fromage ou bien encore la tour Eiffel, avec en fond un morceau d&rsquo;Édith Piaf ! </span></p>
<p><span style="font-weight: 400;">Cette 2cv est une deuxième main, le premier propriétaire a acheté cette auto neuve dans le Var, elle a vécu toute sa vie dans le département jusqu&rsquo;à il y a un peu près deux années, date à laquelle elle est vendue pour être restaurée, mais non loin de son département, dans les Alpes-Maritimes, où elle se situe aujourd&rsquo;hui.</span></p>
<p><span style="font-weight: 400;">Elle a eu une restauration complète il y une année, démontage complet, sablage de la caisse et des ouvrants de la carrosserie, châssis sablé également, moteur restaurée, boite de vitesses révisée, planchers et bas de caisses neuf,</span></p>
<p><span style="font-weight: 400;">rénovation des trains roulants et de la suspension et du système de freinage, sellerie neuve, capote neuve, peinture etc&#8230;</span></p>
<p><span style="font-weight: 400;">Cette magnifique 2cv AZ procurera à son prochain propriétaire un grand plaisir à rouler avec elle sur nos belles routes, et un retour nostalgique dans le passé, sans oublier la fierté de posséder une telle auto de notre patrimoine automobile national, un symbole à conserver et à partager ! </span></p>
<p><span style="font-weight: 400;">Dossier photos et vidéos disponibles sur demande.</span></p>
<p><span style="font-weight: 400;">Pour plus d&rsquo;informations n&rsquo;hésitez pas à nous contacter.</span></p>
<p><span style="font-weight: 400;">Voiture visible sur rendez-vous à Mandelieu-la-Napoule.</span></p>
<p><span style="font-weight: 400;">Brian BENA &#8211; Nostalgie Automobile :</span></p>
<p><span style="font-weight: 400;">Spécialisé dans la vente et dans la recherche d&rsquo;automobiles anciennes.</span></p>
