{"id":3229,"date":"2023-09-26T10:34:17","date_gmt":"2023-09-26T08:34:17","guid":{"rendered":"http:\/\/fedgbna.cluster021.hosting.ovh.net\/?post_type=product&#038;p=3229"},"modified":"2023-11-07T09:53:29","modified_gmt":"2023-11-07T08:53:29","slug":"delage-di-torpedo-de-1927","status":"publish","type":"product","link":"https:\/\/brianbena-nostalgieautomobile.com\/index.php\/produit\/delage-di-torpedo-de-1927\/","title":{"rendered":"Delage DI Torp\u00e9do de 1927"},"content":{"rendered":"<p>L\u2019auto propos\u00e9e ici \u00e0 la vente est une Delage DI Torp\u00e9do de 1927.<br \/>\nActuellement en cours de restauration, carrosserie tr\u00e8s saine et quasiment pr\u00eate \u00e0 peindre,<br \/>\nboisserie restaur\u00e9e, (un bois \u00e0 reprendre sur le tablier mais facile \u00e0 refaire), plancher sain,<br \/>\nch\u00e2ssis idem, moteur restaur\u00e9, (\u00e0 remettre en route).<br \/>\nArceau de capote pr\u00e9sent.<br \/>\nCompl\u00e8te \u00e0 90%.<br \/>\nPour plus d\u2019information, n\u2019h\u00e9sitez pas \u00e0 nous contacter.<br \/>\nVoiture visible sur rendez-vous et situ\u00e9e dans les Vosges.<\/p>\n<p>Cette auto n\u00e9cessitera pour son futur acqu\u00e9reur une restauration partielle, mais quel plaisir<br \/>\nde restaurer et de poss\u00e9der une telle auto de notre patrimoine automobile et national, un<br \/>\nsymbole \u00e0 conserver et \u00e0 partager pour transmettre ce savoir-faire fran\u00e7ais<\/p>\n","protected":false},"excerpt":{"rendered":"<p>Brian b\u00e9na &#8211; Nostalgie Automobile a le plaisir de vous proposer \u00e0 la vente cette belle Delage<br \/>\nDI Torp\u00e9do de 1927 :<br \/>\nLa Delage DI, pr\u00e9sent\u00e9e au salon de l\u2019Automobile de Paris 1923, elle sera produite \u00e0 plus de<br \/>\n9.000 exemplaires entre 1923 \u00e0 1928, et sera un des mod\u00e8les les plus produit de la marque<br \/>\net assura son succ\u00e8s.<br \/>\nLa Delage DI est motoris\u00e9e par un moteur de 4 cylindres en ligne et d\u2019une cylindr\u00e9e de<br \/>\n2.116 cm3, de 30 ch et 50 ch dans la version sport.<br \/>\nLa m\u00e9canique est tr\u00e8s bien con\u00e7ue, moteur \u00e0 soupapes en t\u00eate culbut\u00e9 (assez rare pour<br \/>\nl\u2019\u00e9poque !), vilebrequin sur 5 paliers, bo\u00eete \u00e0 quatre vitesses, freins sur les roues avant, le<br \/>\ntout avec une vitesse de plus de 90 km\/h !<br \/>\nCot\u00e9 carrosserie, elle sera disponible dans diff\u00e9rentes versions ;<br \/>\nBerline, torp\u00e9do, coup\u00e9 chauffeur, cabriolet, roadster, skiff, coup\u00e9 sport, super sport\u2026<\/p>\n","protected":false},"featured_media":3230,"template":"","meta":{"_monsterinsights_skip_tracking":false,"_monsterinsights_sitenote_active":false,"_monsterinsights_sitenote_note":"","_monsterinsights_sitenote_category":0,"site-sidebar-layout":"default","site-content-layout":"","ast-site-content-layout":"default","site-content-style":"default","site-sidebar-style":"default","ast-global-header-display":"","ast-banner-title-visibility":"","ast-main-header-display":"","ast-hfb-above-header-display":"","ast-hfb-below-header-display":"","ast-hfb-mobile-header-display":"","site-post-title":"","ast-breadcrumbs-content":"","ast-featured-img":"","footer-sml-layout":"","ast-disable-related-posts":"","theme-transparent-header-meta":"default","adv-header-id-meta":"","stick-header-meta":"","header-above-stick-meta":"","header-main-stick-meta":"","header-below-stick-meta":"","astra-migrate-meta-layouts":"set","ast-page-background-enabled":"default","ast-page-background-meta":{"desktop":{"background-color":"","background-image":"","background-repeat":"repeat","background-position":"center center","background-size":"auto","background-attachment":"scroll","background-type":"","background-media":"","overlay-type":"","overlay-color":"","overlay-opacity":"","overlay-gradient":""},"tablet":{"background-color":"","background-image":"","background-repeat":"repeat","background-position":"center center","background-size":"auto","background-attachment":"scroll","background-type":"","background-media":"","overlay-type":"","overlay-color":"","overlay-opacity":"","overlay-gradient":""},"mobile":{"background-color":"","background-image":"","background-repeat":"repeat","background-position":"center center","background-size":"auto","background-attachment":"scroll","background-type":"","background-media":"","overlay-type":"","overlay-color":"","overlay-opacity":"","overlay-gradient":""}},"ast-content-background-meta":{"desktop":{"background-color":"var(--ast-global-color-5)","background-image":"","background-repeat":"repeat","background-position":"center center","background-size":"auto","background-attachment":"scroll","background-type":"","background-media":"","overlay-type":"","overlay-color":"","overlay-opacity":"","overlay-gradient":""},"tablet":{"background-color":"var(--ast-global-color-5)","background-image":"","background-repeat":"repeat","background-position":"center center","background-size":"auto","background-attachment":"scroll","background-type":"","background-media":"","overlay-type":"","overlay-color":"","overlay-opacity":"","overlay-gradient":""},"mobile":{"background-color":"var(--ast-global-color-5)","background-image":"","background-repeat":"repeat","background-position":"center center","background-size":"auto","background-attachment":"scroll","background-type":"","background-media":"","overlay-type":"","overlay-color":"","overlay-opacity":"","overlay-gradient":""}}},"product_brand":[],"product_cat":[74],"product_tag":[45,46,47,23,48,51,53,61,42,43,33,35,54],"class_list":{"0":"post-3229","1":"product","2":"type-product","3":"status-publish","4":"has-post-thumbnail","6":"product_cat-delage","7":"product_tag-1930s","8":"product_tag-automobile","9":"product_tag-avantguerre","10":"product_tag-cars","11":"product_tag-carsclassic","12":"product_tag-france","13":"product_tag-paris","14":"product_tag-peugeot","15":"product_tag-voitureancienne","16":"product_tag-voituredecollection","17":"product_tag-voituredeluxe","18":"product_tag-voitureoccasion","19":"product_tag-ww2","20":"pa_annee-94","21":"pa_etat-a-restaurer","22":"pa_etat-saine","23":"pa_marque-delage","24":"desktop-align-left","25":"tablet-align-left","26":"mobile-align-left","28":"first","29":"outofstock","30":"sold-individually","31":"shipping-taxable","32":"purchasable","33":"product-type-simple"},"aioseo_notices":[],"_links":{"self":[{"href":"https:\/\/brianbena-nostalgieautomobile.com\/index.php\/wp-json\/wp\/v2\/product\/3229","targetHints":{"allow":["GET"]}}],"collection":[{"href":"https:\/\/brianbena-nostalgieautomobile.com\/index.php\/wp-json\/wp\/v2\/product"}],"about":[{"href":"https:\/\/brianbena-nostalgieautomobile.com\/index.php\/wp-json\/wp\/v2\/types\/product"}],"wp:featuredmedia":[{"embeddable":true,"href":"https:\/\/brianbena-nostalgieautomobile.com\/index.php\/wp-json\/wp\/v2\/media\/3230"}],"wp:attachment":[{"href":"https:\/\/brianbena-nostalgieautomobile.com\/index.php\/wp-json\/wp\/v2\/media?parent=3229"}],"wp:term":[{"taxonomy":"product_brand","embeddable":true,"href":"https:\/\/brianbena-nostalgieautomobile.com\/index.php\/wp-json\/wp\/v2\/product_brand?post=3229"},{"taxonomy":"product_cat","embeddable":true,"href":"https:\/\/brianbena-nostalgieautomobile.com\/index.php\/wp-json\/wp\/v2\/product_cat?post=3229"},{"taxonomy":"product_tag","embeddable":true,"href":"https:\/\/brianbena-nostalgieautomobile.com\/index.php\/wp-json\/wp\/v2\/product_tag?post=3229"}],"curies":[{"name":"wp","href":"https:\/\/api.w.org\/{rel}","templated":true}]}}

Delage DI Torpédo de 1927

<p>L’auto proposée ici à la vente est une Delage DI Torpédo de 1927.<br />
Actuellement en cours de restauration, carrosserie très saine et quasiment prête à peindre,<br />
boisserie restaurée, (un bois à reprendre sur le tablier mais facile à refaire), plancher sain,<br />
châssis idem, moteur restauré, (à remettre en route).<br />
Arceau de capote présent.<br />
Complète à 90%.<br />
Pour plus d’information, n’hésitez pas à nous contacter.<br />
Voiture visible sur rendez-vous et située dans les Vosges.</p>
<p>Cette auto nécessitera pour son futur acquéreur une restauration partielle, mais quel plaisir<br />
de restaurer et de posséder une telle auto de notre patrimoine automobile et national, un<br />
symbole à conserver et à partager pour transmettre ce savoir-faire français</p>

<p>Brian béna &#8211; Nostalgie Automobile a le plaisir de vous proposer à la vente cette belle Delage<br />
DI Torpédo de 1927 :<br />
La Delage DI, présentée au salon de l’Automobile de Paris 1923, elle sera produite à plus de<br />
9.000 exemplaires entre 1923 à 1928, et sera un des modèles les plus produit de la marque<br />
et assura son succès.<br />
La Delage DI est motorisée par un moteur de 4 cylindres en ligne et d’une cylindrée de<br />
2.116 cm3, de 30 ch et 50 ch dans la version sport.<br />
La mécanique est très bien conçue, moteur à soupapes en tête culbuté (assez rare pour<br />
l’époque !), vilebrequin sur 5 paliers, boîte à quatre vitesses, freins sur les roues avant, le<br />
tout avec une vitesse de plus de 90 km/h !<br />
Coté carrosserie, elle sera disponible dans différentes versions ;<br />
Berline, torpédo, coupé chauffeur, cabriolet, roadster, skiff, coupé sport, super sport…</p>
