{"id":3224,"date":"2023-09-26T10:27:36","date_gmt":"2023-09-26T08:27:36","guid":{"rendered":"http:\/\/fedgbna.cluster021.hosting.ovh.net\/?post_type=product&#038;p=3224"},"modified":"2024-01-23T08:49:57","modified_gmt":"2024-01-23T07:49:57","slug":"fiat-505-torpedo-de-1920","status":"publish","type":"product","link":"https:\/\/brianbena-nostalgieautomobile.com\/index.php\/produit\/fiat-505-torpedo-de-1920\/","title":{"rendered":"Fiat 505 Torp\u00e9do de 1920"},"content":{"rendered":"<p><span style=\"font-weight: 400;\">L\u2019auto propos\u00e9e ici \u00e0 la vente est une Fiat 505 Torp\u00e9do de 1920.<\/span><\/p>\n<p><span style=\"font-weight: 400;\">Elle pr\u00e9sente un tr\u00e8s bel \u00e9tat g\u00e9n\u00e9ral, carrosserie r\u00e9alis\u00e9e chez Balbo \u00e0 Torino, tr\u00e8s saine, peinture (ancienne) de la caisse en bel \u00e9tat, id\u00e9alement les ailes \u00e0 repeindre, boisserie tr\u00e8s saine, plancher et ch\u00e2ssis idem, sellerie d\u2019origine dans un \u00e9tat correct, capote \u00e0 refaire.<\/span><\/p>\n<p><span style=\"font-weight: 400;\">Livr\u00e9e en 1920 \u00e0 un certain italien Francioli, install\u00e9 en Haute Savoie, sp\u00e9cialis\u00e9 dans le vin, (plaque nominative du propri\u00e9taire pr\u00e9sente).<\/span><\/p>\n<p><span style=\"font-weight: 400;\">Carte grise pr\u00e9sente.<\/span><\/p>\n<p><span style=\"font-weight: 400;\">R\u00e9vision globale \u00e0 pr\u00e9voir.<\/span><\/p>\n<p><span style=\"font-weight: 400;\">Pour plus d\u2019information, n\u2019h\u00e9sitez pas \u00e0 nous contacter.<\/span><\/p>\n<p><span style=\"font-weight: 400;\">Voiture visible sur rendez-vous et situ\u00e9e dans les Vosges.<\/span><\/p>\n<p><span style=\"font-weight: 400;\">Brian b\u00e9na &#8211; Nostalgie Automobile :\u00a0<\/span><\/p>\n<p><span style=\"font-weight: 400;\">Sp\u00e9cialis\u00e9 dans la vente et dans la recherche d\u2019automobiles anciennes.<\/span><\/p>\n<p><span style=\"font-weight: 400;\">Cette auto procurera \u00e0 son futur un grand plaisir \u00e0 rouler et de poss\u00e9der une telle auto de notre patrimoine automobile, un symbole \u00e0 conserver et \u00e0 partager pour transmettre ce savoir-faire<\/span><\/p>\n","protected":false},"excerpt":{"rendered":"<p><span style=\"font-weight: 400;\">Brian BENA &#8211; Nostalgie Automobile a le plaisir de vous proposer \u00e0 la vente cette tr\u00e8s belle Fiat 505 Torp\u00e9do de 1920 :\u00a0<\/span><\/p>\n<p><span style=\"font-weight: 400;\">Apr\u00e8s la Premi\u00e8re Guerre mondiale, Fiat renouvelle sa gamme et remplace la Tipo 2 par la nouvelle 505, qui sera produite entre 1919 \u00e0 1925, et \u00e0 plus de 30.000 exemplaires, et rencontrera donc un certain succ\u00e8s.<\/span><\/p>\n<p><span style=\"font-weight: 400;\">La Fiat 505 est motoris\u00e9e par un moteur \u00e0 4 cylindres en ligne et d\u2019une cylindr\u00e9e de 2296 cm3 et d\u00e9veloppe 33 ch.<\/span><\/p>\n<p><span style=\"font-weight: 400;\">Cot\u00e9 carrosserie, elle sera disponible dans diff\u00e9rentes versions : <\/span><span style=\"font-weight: 400;\">Berline, torp\u00e9do, coup\u00e9 de ville, sport tourer et aussi en utilitaire\u2026<\/span><\/p>\n","protected":false},"featured_media":3225,"template":"","meta":{"_monsterinsights_skip_tracking":false,"_monsterinsights_sitenote_active":false,"_monsterinsights_sitenote_note":"","_monsterinsights_sitenote_category":0,"site-sidebar-layout":"default","site-content-layout":"","ast-site-content-layout":"default","site-content-style":"default","site-sidebar-style":"default","ast-global-header-display":"","ast-banner-title-visibility":"","ast-main-header-display":"","ast-hfb-above-header-display":"","ast-hfb-below-header-display":"","ast-hfb-mobile-header-display":"","site-post-title":"","ast-breadcrumbs-content":"","ast-featured-img":"","footer-sml-layout":"","ast-disable-related-posts":"","theme-transparent-header-meta":"default","adv-header-id-meta":"","stick-header-meta":"","header-above-stick-meta":"","header-main-stick-meta":"","header-below-stick-meta":"","astra-migrate-meta-layouts":"set","ast-page-background-enabled":"default","ast-page-background-meta":{"desktop":{"background-color":"","background-image":"","background-repeat":"repeat","background-position":"center center","background-size":"auto","background-attachment":"scroll","background-type":"","background-media":"","overlay-type":"","overlay-color":"","overlay-opacity":"","overlay-gradient":""},"tablet":{"background-color":"","background-image":"","background-repeat":"repeat","background-position":"center center","background-size":"auto","background-attachment":"scroll","background-type":"","background-media":"","overlay-type":"","overlay-color":"","overlay-opacity":"","overlay-gradient":""},"mobile":{"background-color":"","background-image":"","background-repeat":"repeat","background-position":"center center","background-size":"auto","background-attachment":"scroll","background-type":"","background-media":"","overlay-type":"","overlay-color":"","overlay-opacity":"","overlay-gradient":""}},"ast-content-background-meta":{"desktop":{"background-color":"var(--ast-global-color-5)","background-image":"","background-repeat":"repeat","background-position":"center center","background-size":"auto","background-attachment":"scroll","background-type":"","background-media":"","overlay-type":"","overlay-color":"","overlay-opacity":"","overlay-gradient":""},"tablet":{"background-color":"var(--ast-global-color-5)","background-image":"","background-repeat":"repeat","background-position":"center center","background-size":"auto","background-attachment":"scroll","background-type":"","background-media":"","overlay-type":"","overlay-color":"","overlay-opacity":"","overlay-gradient":""},"mobile":{"background-color":"var(--ast-global-color-5)","background-image":"","background-repeat":"repeat","background-position":"center center","background-size":"auto","background-attachment":"scroll","background-type":"","background-media":"","overlay-type":"","overlay-color":"","overlay-opacity":"","overlay-gradient":""}}},"product_brand":[],"product_cat":[62],"product_tag":[45,46,47,23,48,51,53,61,42,43,33,35,54],"class_list":{"0":"post-3224","1":"product","2":"type-product","3":"status-publish","4":"has-post-thumbnail","6":"product_cat-fiat","7":"product_tag-1930s","8":"product_tag-automobile","9":"product_tag-avantguerre","10":"product_tag-cars","11":"product_tag-carsclassic","12":"product_tag-france","13":"product_tag-paris","14":"product_tag-peugeot","15":"product_tag-voitureancienne","16":"product_tag-voituredecollection","17":"product_tag-voituredeluxe","18":"product_tag-voitureoccasion","19":"product_tag-ww2","20":"pa_annee-100","21":"pa_etat-saine","22":"pa_marque-fiat","23":"desktop-align-left","24":"tablet-align-left","25":"mobile-align-left","27":"first","28":"instock","29":"featured","30":"sold-individually","31":"shipping-taxable","32":"purchasable","33":"product-type-simple"},"aioseo_notices":[],"_links":{"self":[{"href":"https:\/\/brianbena-nostalgieautomobile.com\/index.php\/wp-json\/wp\/v2\/product\/3224","targetHints":{"allow":["GET"]}}],"collection":[{"href":"https:\/\/brianbena-nostalgieautomobile.com\/index.php\/wp-json\/wp\/v2\/product"}],"about":[{"href":"https:\/\/brianbena-nostalgieautomobile.com\/index.php\/wp-json\/wp\/v2\/types\/product"}],"wp:featuredmedia":[{"embeddable":true,"href":"https:\/\/brianbena-nostalgieautomobile.com\/index.php\/wp-json\/wp\/v2\/media\/3225"}],"wp:attachment":[{"href":"https:\/\/brianbena-nostalgieautomobile.com\/index.php\/wp-json\/wp\/v2\/media?parent=3224"}],"wp:term":[{"taxonomy":"product_brand","embeddable":true,"href":"https:\/\/brianbena-nostalgieautomobile.com\/index.php\/wp-json\/wp\/v2\/product_brand?post=3224"},{"taxonomy":"product_cat","embeddable":true,"href":"https:\/\/brianbena-nostalgieautomobile.com\/index.php\/wp-json\/wp\/v2\/product_cat?post=3224"},{"taxonomy":"product_tag","embeddable":true,"href":"https:\/\/brianbena-nostalgieautomobile.com\/index.php\/wp-json\/wp\/v2\/product_tag?post=3224"}],"curies":[{"name":"wp","href":"https:\/\/api.w.org\/{rel}","templated":true}]}}